{"id":17,"date":"2024-03-21T18:20:31","date_gmt":"2024-03-21T18:20:31","guid":{"rendered":"https:\/\/sarston.com\/?page_id=17"},"modified":"2024-03-21T18:43:27","modified_gmt":"2024-03-21T18:43:27","slug":"inicio","status":"publish","type":"page","link":"https:\/\/sarston.com\/","title":{"rendered":"Inicio"},"content":{"rendered":"\n<div class=\"wp-block-cover alignfull is-light hestia-clear-top-padding\"><span aria-hidden=\"true\" class=\"wp-block-cover__background has-white-background-color has-background-dim-100 has-background-dim\"><\/span><div class=\"wp-block-cover__inner-container is-layout-flow wp-block-cover-is-layout-flow\">\n<h2 class=\"wp-block-heading has-text-align-center has-text-color\" style=\"color:#3c4858\">\u00bfD\u00f3nde nos desarrollamos?<\/h2>\n\n\n\n<div class=\"wp-block-columns container is-layout-flex wp-container-core-columns-is-layout-9d6595d7 wp-block-columns-is-layout-flex\">\n<div class=\"wp-block-column is-layout-flow wp-block-column-is-layout-flow\"><div class=\"wp-block-image is-style-rounded\">\n<figure class=\"aligncenter size-medium is-resized\"><img loading=\"lazy\" decoding=\"async\" width=\"300\" height=\"300\" src=\"https:\/\/sarston.com\/wp-content\/uploads\/2024\/03\/mundo-300x300.png\" alt=\"\" class=\"wp-image-43\" style=\"object-fit:cover;width:252px;height:auto\" srcset=\"https:\/\/sarston.com\/wp-content\/uploads\/2024\/03\/mundo-300x300.png 300w, https:\/\/sarston.com\/wp-content\/uploads\/2024\/03\/mundo-1024x1024.png 1024w, https:\/\/sarston.com\/wp-content\/uploads\/2024\/03\/mundo-150x150.png 150w, https:\/\/sarston.com\/wp-content\/uploads\/2024\/03\/mundo-768x768.png 768w, https:\/\/sarston.com\/wp-content\/uploads\/2024\/03\/mundo.png 1080w\" sizes=\"auto, (max-width: 300px) 100vw, 300px\" \/><\/figure>\n<\/div>\n\n\n<h5 class=\"wp-block-heading has-text-align-center has-text-color\" style=\"color:#3c4858;font-size:18px\">Quality<\/h5>\n\n\n\n<p class=\"has-text-align-center\">En pa\u00edses tanto Asi\u00e1ticos como<br>Europeos, siendo Rusia, Italia y<br>Francia los m\u00e1s destacados.<\/p>\n\n\n\n<div style=\"height:25px\" aria-hidden=\"true\" class=\"wp-block-spacer\"><\/div>\n<\/div>\n<\/div>\n<\/div><\/div>\n","protected":false},"excerpt":{"rendered":"","protected":false},"author":1,"featured_media":0,"parent":0,"menu_order":0,"comment_status":"closed","ping_status":"closed","template":"","meta":{"footnotes":""},"class_list":["post-17","page","type-page","status-publish","hentry"],"_links":{"self":[{"href":"https:\/\/sarston.com\/index.php?rest_route=\/wp\/v2\/pages\/17","targetHints":{"allow":["GET"]}}],"collection":[{"href":"https:\/\/sarston.com\/index.php?rest_route=\/wp\/v2\/pages"}],"about":[{"href":"https:\/\/sarston.com\/index.php?rest_route=\/wp\/v2\/types\/page"}],"author":[{"embeddable":true,"href":"https:\/\/sarston.com\/index.php?rest_route=\/wp\/v2\/users\/1"}],"replies":[{"embeddable":true,"href":"https:\/\/sarston.com\/index.php?rest_route=%2Fwp%2Fv2%2Fcomments&post=17"}],"version-history":[{"count":2,"href":"https:\/\/sarston.com\/index.php?rest_route=\/wp\/v2\/pages\/17\/revisions"}],"predecessor-version":[{"id":44,"href":"https:\/\/sarston.com\/index.php?rest_route=\/wp\/v2\/pages\/17\/revisions\/44"}],"wp:attachment":[{"href":"https:\/\/sarston.com\/index.php?rest_route=%2Fwp%2Fv2%2Fmedia&parent=17"}],"curies":[{"name":"wp","href":"https:\/\/api.w.org\/{rel}","templated":true}]}}